{"id":226,"date":"2018-09-11T11:48:24","date_gmt":"2018-09-11T09:48:24","guid":{"rendered":"https:\/\/przychodnia.flt.krasnik.pl\/?page_id=226"},"modified":"2025-03-13T20:44:56","modified_gmt":"2025-03-13T18:44:56","slug":"226-2","status":"publish","type":"page","link":"https:\/\/przychodnia-flt.pl\/?page_id=226","title":{"rendered":"POZ"},"content":{"rendered":"<div class=\"region region-content\">\n<div id=\"block-system-main\" class=\"block block-system\">\n<div class=\"content\">\n<div class=\"content\">\n<div class=\"field field-name-body field-type-text-with-summary field-label-hidden\">\n<div class=\"field-items\">\n<div class=\"field-item even\">\n<h1>Podstawowa Opieka Zdrowotna<\/h1>\n<div class=\"view-header\">\n<p><strong>Umowa z Narodowym Funduszem Zdrowia<\/strong><\/p>\n<p><strong>\u015awiadczenia w POZ <\/strong>udzielane s\u0105 osobom, kt\u00f3re dokona\u0142y wyboru<strong> lekarza, piel\u0119gniarki, po\u0142o\u017cnej POZ.<\/strong> Realizowane s\u0105 najcz\u0119\u015bciej w warunkach ambulatoryjnych, ale w przypadkach uzasadnionych medycznie, w formie teleporady, jak r\u00f3wnie\u017c w domu Pacjenta &#8211;<strong> posiadamy transport sanitarny.<\/strong><\/p>\n<p><strong>Ka\u017cda wizyta w gabinecie lekarskim jak i teleporada musi by\u0107 uzgodniona z rejestracj\u0105 przychodni pod numerem telefonu: 81 825 74 00<\/strong><\/p>\n<\/div>\n<table border=\"1\" width=\"100%\" cellspacing=\"1\" cellpadding=\"1\">\n<thead>\n<tr>\n<th scope=\"col\" width=\"14%\">Przyjmuje<\/th>\n<th scope=\"col\" width=\"11%\">Specjalizacja<\/th>\n<th scope=\"col\" width=\"15%\">Poniedzia\u0142ek<\/th>\n<th scope=\"col\" width=\"15%\">\u00a0\u00a0\u00a0Wtorek<\/th>\n<th scope=\"col\" width=\"15%\">\u00a0\u00a0\u00a0\u015aroda<\/th>\n<th scope=\"col\" width=\"15%\">\u00a0\u00a0Czwartek<\/th>\n<th scope=\"col\" width=\"15%\">\u00a0\u00a0\u00a0Pi\u0105tek<\/th>\n<\/tr>\n<\/thead>\n<tbody>\n<tr>\n<td width=\"14%\"><strong>Humelicz-\u0141apa Zdzis\u0142awa<\/strong><\/td>\n<td width=\"11%\">Medycyna<br \/>\nrodzinna,<br \/>\nmedycyna<br \/>\npracy<\/td>\n<td class=\"rtecenter\" width=\"15%\">7:00-11:00<\/p>\n<p>11:00-14:35<\/td>\n<td class=\"rtecenter\" width=\"15%\">7:00-11:00<\/p>\n<p>11:00-14:35<\/td>\n<td class=\"rtecenter\" width=\"15%\">7:00-11:00<\/p>\n<p>11:00-14:35<\/td>\n<td class=\"rtecenter\" width=\"15%\">7:00-11:00<\/p>\n<p>11:00-14:35<\/td>\n<td class=\"rtecenter\" width=\"15%\">7:00-11:00<\/p>\n<p>11:00-14:35<\/td>\n<\/tr>\n<tr>\n<td><strong>Ha\u0142abi\u015b Teresa<\/strong><\/td>\n<td>Medycyna<br \/>\nrodzinna<\/td>\n<td class=\"rtecenter\"><\/td>\n<td class=\"rtecenter\"><\/td>\n<td class=\"rtecenter\">13:00-18:00<\/td>\n<td class=\"rtecenter\"><\/td>\n<td class=\"rtecenter\"><\/td>\n<\/tr>\n<tr>\n<td><strong>Wolak Agnieszka<\/strong><\/td>\n<td>Medycyna<br \/>\nrodzinna<\/td>\n<td class=\"rtecenter\">15:00-18:00<\/td>\n<td class=\"rtecenter\"><\/td>\n<td class=\"rtecenter\">15:00-18:00<\/td>\n<td class=\"rtecenter\"><\/td>\n<td class=\"rtecenter\"><\/td>\n<\/tr>\n<tr>\n<td><strong>Cha\u0142abis-Kurkowicz Anna<\/strong><\/td>\n<td>Medycyna<br \/>\nrodzinna<\/td>\n<td class=\"rtecenter\">8:00-15:00<\/td>\n<td class=\"rtecenter\">8:00-15:00<\/td>\n<td class=\"rtecenter\">8:00-15:00<\/td>\n<td class=\"rtecenter\">11:00-18:00<\/td>\n<td class=\"rtecenter\">8:00-15:00<\/td>\n<\/tr>\n<tr>\n<td><strong>Cholewa Ma\u0142gorzata<\/strong><\/td>\n<td>Medycyna<br \/>\nrodzinna<\/td>\n<td class=\"rtecenter\">7:30-14:00<\/td>\n<td class=\"rtecenter\">7:30-14:00<\/td>\n<td class=\"rtecenter\">7:30-14:00<\/td>\n<td class=\"rtecenter\">7:30-14:00<\/td>\n<td class=\"rtecenter\">7:30-14:00<\/td>\n<\/tr>\n<tr>\n<td><strong>Gajdecka Alicja<\/strong><\/td>\n<td>Pediatria,<br \/>\nmedycyna<br \/>\nrodzinna<\/td>\n<td class=\"rtecenter\">7:00 -13:00<\/td>\n<td class=\"rtecenter\"><\/td>\n<td class=\"rtecenter\">7:00 -13:00<\/td>\n<td class=\"rtecenter\"><\/td>\n<td class=\"rtecenter\"><\/td>\n<\/tr>\n<tr>\n<td><strong>Czuli\u0144ska Nina<\/strong><\/td>\n<td>Medycyna<br \/>\nrodzinna<\/td>\n<td class=\"rtecenter\"><\/td>\n<td class=\"rtecenter\">14:00-18:00<\/td>\n<td class=\"rtecenter\"><\/td>\n<td class=\"rtecenter\"><\/td>\n<td class=\"rtecenter\">14:00-18:00<\/td>\n<\/tr>\n<tr>\n<td><strong>Borkowska Agnieszka<\/strong><\/td>\n<td>Medycyna<br \/>\nrodzinna,<br \/>\npediatra<\/td>\n<td class=\"rtecenter\">\u00a09:00-13:30<\/td>\n<td class=\"rtecenter\">9:00-13:30<\/td>\n<td class=\"rtecenter\"><\/td>\n<td class=\"rtecenter\">9:00-13:30<\/td>\n<td class=\"rtecenter\">\u00a09:00-13:30<\/td>\n<\/tr>\n<tr>\n<td><strong>Oko\u0144ska Katarzyna<br \/>\n<\/strong><\/td>\n<td>Medycyna<br \/>\nrodzinna<\/td>\n<td class=\"rtecenter\">8:00-17:00<\/td>\n<td class=\"rtecenter\">\u00a08:00-17:00<\/td>\n<td class=\"rtecenter\">\u00a08:00-11:00<\/td>\n<td class=\"rtecenter\"><\/td>\n<td class=\"rtecenter\"><\/td>\n<\/tr>\n<tr>\n<td><strong>Rychter-Dzido Katarzyna<\/strong><\/td>\n<td>Medycyna<br \/>\nrodzinna<\/td>\n<td class=\"rtecenter\"><\/td>\n<td class=\"rtecenter\">\u00a014:00-18:00<\/td>\n<td class=\"rtecenter\"><\/td>\n<td class=\"rtecenter\">\u00a014:00-18:00<\/td>\n<td class=\"rtecenter\"><\/td>\n<\/tr>\n<\/tbody>\n<\/table>\n<p>&nbsp;<\/p>\n<\/div>\n<\/div>\n<\/div>\n<\/div>\n<\/div>\n<\/div>\n<\/div>\n","protected":false},"excerpt":{"rendered":"<p>Podstawowa Opieka Zdrowotna Umowa z Narodowym Funduszem Zdrowia \u015awiadczenia w POZ udzielane s\u0105 osobom, kt\u00f3re dokona\u0142y wyboru lekarza, piel\u0119gniarki, po\u0142o\u017cnej POZ. Realizowane s\u0105 najcz\u0119\u015bciej w warunkach ambulatoryjnych, ale w przypadkach uzasadnionych medycznie, w formie teleporady, jak r\u00f3wnie\u017c w domu Pacjenta &#8211; posiadamy transport sanitarny. Ka\u017cda wizyta w gabinecie lekarskim jak i teleporada musi by\u0107 uzgodniona [&hellip;]<\/p>\n","protected":false},"author":5,"featured_media":0,"parent":0,"menu_order":0,"comment_status":"closed","ping_status":"closed","template":"","meta":{"footnotes":""},"class_list":["post-226","page","type-page","status-publish","hentry"],"_links":{"self":[{"href":"https:\/\/przychodnia-flt.pl\/index.php?rest_route=\/wp\/v2\/pages\/226","targetHints":{"allow":["GET"]}}],"collection":[{"href":"https:\/\/przychodnia-flt.pl\/index.php?rest_route=\/wp\/v2\/pages"}],"about":[{"href":"https:\/\/przychodnia-flt.pl\/index.php?rest_route=\/wp\/v2\/types\/page"}],"author":[{"embeddable":true,"href":"https:\/\/przychodnia-flt.pl\/index.php?rest_route=\/wp\/v2\/users\/5"}],"replies":[{"embeddable":true,"href":"https:\/\/przychodnia-flt.pl\/index.php?rest_route=%2Fwp%2Fv2%2Fcomments&post=226"}],"version-history":[{"count":45,"href":"https:\/\/przychodnia-flt.pl\/index.php?rest_route=\/wp\/v2\/pages\/226\/revisions"}],"predecessor-version":[{"id":453,"href":"https:\/\/przychodnia-flt.pl\/index.php?rest_route=\/wp\/v2\/pages\/226\/revisions\/453"}],"wp:attachment":[{"href":"https:\/\/przychodnia-flt.pl\/index.php?rest_route=%2Fwp%2Fv2%2Fmedia&parent=226"}],"curies":[{"name":"wp","href":"https:\/\/api.w.org\/{rel}","templated":true}]}}

<div class="region region-content">
<div id="block-system-main" class="block block-system">
<div class="content">
<div class="content">
<div class="field field-name-body field-type-text-with-summary field-label-hidden">
<div class="field-items">
<div class="field-item even">
<h1>Podstawowa Opieka Zdrowotna</h1>
<div class="view-header">
<p><strong>Umowa z Narodowym Funduszem Zdrowia</strong></p>
<p><strong>Świadczenia w POZ </strong>udzielane są osobom, które dokonały wyboru<strong> lekarza, pielęgniarki, położnej POZ.</strong> Realizowane są najczęściej w warunkach ambulatoryjnych, ale w przypadkach uzasadnionych medycznie, w formie teleporady, jak również w domu Pacjenta &#8211;<strong> posiadamy transport sanitarny.</strong></p>
<p><strong>Każda wizyta w gabinecie lekarskim jak i teleporada musi być uzgodniona z rejestracją przychodni pod numerem telefonu: 81 825 74 00</strong></p>
</div>
<table border="1" width="100%" cellspacing="1" cellpadding="1">
<thead>
<tr>
<th scope="col" width="14%">Przyjmuje</th>
<th scope="col" width="11%">Specjalizacja</th>
<th scope="col" width="15%">Poniedziałek</th>
<th scope="col" width="15%">   Wtorek</th>
<th scope="col" width="15%">   Środa</th>
<th scope="col" width="15%">  Czwartek</th>
<th scope="col" width="15%">   Piątek</th>
</tr>
</thead>
<tbody>
<tr>
<td width="14%"><strong>Humelicz-Łapa Zdzisława</strong></td>
<td width="11%">Medycyna<br />
rodzinna,<br />
medycyna<br />
pracy</td>
<td class="rtecenter" width="15%">7:00-11:00</p>
<p>11:00-14:35</td>
<td class="rtecenter" width="15%">7:00-11:00</p>
<p>11:00-14:35</td>
<td class="rtecenter" width="15%">7:00-11:00</p>
<p>11:00-14:35</td>
<td class="rtecenter" width="15%">7:00-11:00</p>
<p>11:00-14:35</td>
<td class="rtecenter" width="15%">7:00-11:00</p>
<p>11:00-14:35</td>
</tr>
<tr>
<td><strong>Hałabiś Teresa</strong></td>
<td>Medycyna<br />
rodzinna</td>
<td class="rtecenter"></td>
<td class="rtecenter"></td>
<td class="rtecenter">13:00-18:00</td>
<td class="rtecenter"></td>
<td class="rtecenter"></td>
</tr>
<tr>
<td><strong>Wolak Agnieszka</strong></td>
<td>Medycyna<br />
rodzinna</td>
<td class="rtecenter">15:00-18:00</td>
<td class="rtecenter"></td>
<td class="rtecenter">15:00-18:00</td>
<td class="rtecenter"></td>
<td class="rtecenter"></td>
</tr>
<tr>
<td><strong>Chałabis-Kurkowicz Anna</strong></td>
<td>Medycyna<br />
rodzinna</td>
<td class="rtecenter">8:00-15:00</td>
<td class="rtecenter">8:00-15:00</td>
<td class="rtecenter">8:00-15:00</td>
<td class="rtecenter">11:00-18:00</td>
<td class="rtecenter">8:00-15:00</td>
</tr>
<tr>
<td><strong>Cholewa Małgorzata</strong></td>
<td>Medycyna<br />
rodzinna</td>
<td class="rtecenter">7:30-14:00</td>
<td class="rtecenter">7:30-14:00</td>
<td class="rtecenter">7:30-14:00</td>
<td class="rtecenter">7:30-14:00</td>
<td class="rtecenter">7:30-14:00</td>
</tr>
<tr>
<td><strong>Gajdecka Alicja</strong></td>
<td>Pediatria,<br />
medycyna<br />
rodzinna</td>
<td class="rtecenter">7:00 -13:00</td>
<td class="rtecenter"></td>
<td class="rtecenter">7:00 -13:00</td>
<td class="rtecenter"></td>
<td class="rtecenter"></td>
</tr>
<tr>
<td><strong>Czulińska Nina</strong></td>
<td>Medycyna<br />
rodzinna</td>
<td class="rtecenter"></td>
<td class="rtecenter">14:00-18:00</td>
<td class="rtecenter"></td>
<td class="rtecenter"></td>
<td class="rtecenter">14:00-18:00</td>
</tr>
<tr>
<td><strong>Borkowska Agnieszka</strong></td>
<td>Medycyna<br />
rodzinna,<br />
pediatra</td>
<td class="rtecenter"> 9:00-13:30</td>
<td class="rtecenter">9:00-13:30</td>
<td class="rtecenter"></td>
<td class="rtecenter">9:00-13:30</td>
<td class="rtecenter"> 9:00-13:30</td>
</tr>
<tr>
<td><strong>Okońska Katarzyna<br />
</strong></td>
<td>Medycyna<br />
rodzinna</td>
<td class="rtecenter">8:00-17:00</td>
<td class="rtecenter"> 8:00-17:00</td>
<td class="rtecenter"> 8:00-11:00</td>
<td class="rtecenter"></td>
<td class="rtecenter"></td>
</tr>
<tr>
<td><strong>Rychter-Dzido Katarzyna</strong></td>
<td>Medycyna<br />
rodzinna</td>
<td class="rtecenter"></td>
<td class="rtecenter"> 14:00-18:00</td>
<td class="rtecenter"></td>
<td class="rtecenter"> 14:00-18:00</td>
<td class="rtecenter"></td>
</tr>
</tbody>
</table>
<p>&nbsp;</p>
</div>
</div>
</div>
</div>
</div>
</div>
</div>

<p>Podstawowa Opieka Zdrowotna Umowa z Narodowym Funduszem Zdrowia Świadczenia w POZ udzielane są osobom, które dokonały wyboru lekarza, pielęgniarki, położnej POZ. Realizowane są najczęściej w warunkach ambulatoryjnych, ale w przypadkach uzasadnionych medycznie, w formie teleporady, jak również w domu Pacjenta &#8211; posiadamy transport sanitarny. Każda wizyta w gabinecie lekarskim jak i teleporada musi być uzgodniona [&hellip;]</p>
